{"id":268,"date":"2024-02-16T13:32:21","date_gmt":"2024-02-16T12:32:21","guid":{"rendered":"https:\/\/rohnova.eu\/?page_id=268"},"modified":"2024-02-19T11:21:45","modified_gmt":"2024-02-19T10:21:45","slug":"uvod","status":"publish","type":"page","link":"https:\/\/rohnova.eu\/","title":{"rendered":"\u00davodn\u00ed strana"},"content":{"rendered":"\n<h2 class=\"wp-block-heading has-text-align-center\" style=\"margin-top:0;margin-bottom:0;padding-top:var(--wp--preset--spacing--30);padding-bottom:0\">V\u00edtejte na str\u00e1nk\u00e1ch, kter\u00e9 maj\u00ed co nab\u00eddnout!<\/h2>\n\n\n\n<h5 class=\"wp-block-heading has-text-align-center\">&#8230; ale zat\u00edm se p\u0159ipravuj\u00ed, proto m\u011b rad\u011bji kontaktujte <a href=\"mailto:eva@rohnova.eu\" data-type=\"mailto\" data-id=\"mailto:eva@rohnova.eu\">e-mailem<\/a> nebo p\u0159es <a href=\"https:\/\/rohnova.eu\/index.php\/kontaktni-formular\/\" data-type=\"page\" data-id=\"319\">kontaktn\u00ed formul\u00e1\u0159<\/a><\/h5>\n\n\n\n<div class=\"wp-block-group alignfull has-global-padding is-layout-constrained wp-container-core-group-is-layout-d89aad35 wp-block-group-is-layout-constrained\" style=\"margin-top:0;margin-bottom:0;padding-top:var(--wp--preset--spacing--50);padding-right:var(--wp--preset--spacing--50);padding-bottom:var(--wp--preset--spacing--50);padding-left:var(--wp--preset--spacing--50)\">\n<div class=\"wp-block-group alignwide has-global-padding is-layout-constrained wp-container-core-group-is-layout-19e250f3 wp-block-group-is-layout-constrained\">\n<div class=\"wp-block-columns alignwide is-layout-flex wp-container-core-columns-is-layout-d1c656ed wp-block-columns-is-layout-flex\">\n<div class=\"wp-block-column is-vertically-aligned-center is-layout-flow wp-block-column-is-layout-flow\" style=\"flex-basis:40%\">\n<h2 class=\"wp-block-heading is-style-default\">Hudebn\u00ed aktivity <br>pro d\u011bti i seniory <\/h2>\n\n\n\n<h4 class=\"wp-block-heading has-contrast-3-color has-text-color has-link-color wp-elements-8491ced58c80d261ed243ad247d16b9b\" style=\"margin-top:0;margin-bottom:0;padding-top:var(--wp--preset--spacing--10);padding-right:0;padding-bottom:0;padding-left:0\"><em>Spole\u010dn\u011b vyzkou\u0161\u00edme, jak hudba proch\u00e1z\u00ed srdcem<\/em><\/h4>\n\n\n\n<ul style=\"line-height:1.75\" class=\"is-style-checkmark-list wp-block-list\">\n<li>aktiviza\u010dn\u00ed \u010dinnosti<\/li>\n\n\n\n<li>tr\u00e9nink koncentrace a koordinace<\/li>\n\n\n\n<li>pr\u00e1ce s emocemi<\/li>\n\n\n\n<li>individu\u00e1ln\u011b sestaven\u00fd program<\/li>\n<\/ul>\n\n\n\n<div class=\"wp-block-buttons is-content-justification-left is-layout-flex wp-container-core-buttons-is-layout-8e67a4fb wp-block-buttons-is-layout-flex\" style=\"margin-top:8px;margin-bottom:0\">\n<div class=\"wp-block-button\"><a class=\"wp-block-button__link has-text-align-center wp-element-button\" href=\"https:\/\/rohnova.eu\/index.php\/hudebni-aktivity-pro-deti-i-seniory\/\" style=\"padding-top:var(--wp--preset--spacing--10);padding-right:var(--wp--preset--spacing--10);padding-bottom:var(--wp--preset--spacing--10);padding-left:var(--wp--preset--spacing--10)\">Zjistit v\u00edce&#8230;<\/a><\/div>\n<\/div>\n<\/div>\n\n\n\n<div class=\"wp-block-column is-layout-flow wp-block-column-is-layout-flow\" style=\"flex-basis:50%\">\n<figure class=\"wp-block-image size-full is-style-rounded is-style-rounded--1\"><img loading=\"lazy\" decoding=\"async\" width=\"597\" height=\"395\" src=\"https:\/\/rohnova.eu\/wp-content\/uploads\/2024\/02\/Music_pic3.jpg\" alt=\"\" class=\"wp-image-561\" srcset=\"https:\/\/rohnova.eu\/wp-content\/uploads\/2024\/02\/Music_pic3.jpg 597w, https:\/\/rohnova.eu\/wp-content\/uploads\/2024\/02\/Music_pic3-300x198.jpg 300w\" sizes=\"auto, (max-width: 597px) 100vw, 597px\" \/><\/figure>\n<\/div>\n<\/div>\n\n\n\n<div style=\"height:var(--wp--preset--spacing--40)\" aria-hidden=\"true\" class=\"wp-block-spacer\"><\/div>\n\n\n\n<div class=\"wp-block-columns alignwide is-layout-flex wp-container-core-columns-is-layout-d1c656ed wp-block-columns-is-layout-flex\">\n<div class=\"wp-block-column is-layout-flow wp-block-column-is-layout-flow\" style=\"flex-basis:50%\">\n<figure class=\"wp-block-image size-full is-style-rounded is-style-rounded--2\"><img loading=\"lazy\" decoding=\"async\" width=\"597\" height=\"395\" src=\"https:\/\/rohnova.eu\/wp-content\/uploads\/2024\/02\/Deutsche-Text-1.jpg\" alt=\"\" class=\"wp-image-187\" srcset=\"https:\/\/rohnova.eu\/wp-content\/uploads\/2024\/02\/Deutsche-Text-1.jpg 597w, https:\/\/rohnova.eu\/wp-content\/uploads\/2024\/02\/Deutsche-Text-1-300x198.jpg 300w\" sizes=\"auto, (max-width: 597px) 100vw, 597px\" \/><\/figure>\n<\/div>\n\n\n\n<div class=\"wp-block-column is-vertically-aligned-center is-layout-flow wp-block-column-is-layout-flow\" style=\"flex-basis:40%\">\n<h2 class=\"wp-block-heading is-style-default\">V\u00fduka a dou\u010dov\u00e1n\u00ed n\u011bmeck\u00e9ho jazyka<\/h2>\n\n\n\n<h4 class=\"wp-block-heading has-contrast-3-color has-text-color has-link-color wp-elements-0758069de7dc36e4e0a7dbb76dc62aa2\" style=\"margin-top:var(--wp--preset--spacing--10);margin-bottom:0\"><em>Uk\u00e1\u017eu v\u00e1m, \u017ee n\u011bm\u010dina nen\u00ed d\u0159ina<\/em><\/h4>\n\n\n\n<ul style=\"line-height:1.75\" class=\"is-style-checkmark-list wp-block-list\">\n<li>mo\u017enost osobn\u00edho setk\u00e1v\u00e1n\u00ed (oblast \u00dast\u00ed nad Labem) <br>i online v\u00fduky<\/li>\n\n\n\n<li>v\u00fduka pro jednotlivce nebo mal\u00e9 skupiny<\/li>\n\n\n\n<li>zam\u011b\u0159en\u00ed na praktick\u00e9 pou\u017eit\u00ed jazyka<\/li>\n\n\n\n<li>n\u011bm\u010dina pro zdravotn\u00edky<\/li>\n\n\n\n<li>mo\u017enost v\u00fdb\u011bru d\u00e9lky hodiny &#8211; 45, 60 a 90 minut<\/li>\n<\/ul>\n\n\n\n<div class=\"wp-block-buttons is-content-justification-left is-layout-flex wp-container-core-buttons-is-layout-7c6c0953 wp-block-buttons-is-layout-flex\" style=\"margin-top:8px;margin-bottom:8px\">\n<div class=\"wp-block-button\"><a class=\"wp-block-button__link has-text-align-center wp-element-button\" style=\"padding-top:var(--wp--preset--spacing--10);padding-right:var(--wp--preset--spacing--10);padding-bottom:var(--wp--preset--spacing--10);padding-left:var(--wp--preset--spacing--10)\">Zjistit v\u00edce&#8230;<\/a><\/div>\n<\/div>\n<\/div>\n<\/div>\n<\/div>\n<\/div>\n","protected":false},"excerpt":{"rendered":"<p>V\u00edtejte na str\u00e1nk\u00e1ch, kter\u00e9 maj\u00ed co nab\u00eddnout! &#8230; ale zat\u00edm se p\u0159ipravuj\u00ed, proto m\u011b rad\u011bji kontaktujte e-mailem nebo p\u0159es kontaktn\u00ed formul\u00e1\u0159 Hudebn\u00ed aktivity pro d\u011bti i seniory Spole\u010dn\u011b vyzkou\u0161\u00edme, jak hudba proch\u00e1z\u00ed srdcem V\u00fduka a dou\u010dov\u00e1n\u00ed n\u011bmeck\u00e9ho jazyka Uk\u00e1\u017eu v\u00e1m, \u017ee n\u011bm\u010dina nen\u00ed d\u0159ina<\/p>\n","protected":false},"author":1,"featured_media":0,"parent":0,"menu_order":0,"comment_status":"closed","ping_status":"closed","template":"empty","meta":{"footnotes":""},"class_list":["post-268","page","type-page","status-publish","hentry"],"_links":{"self":[{"href":"https:\/\/rohnova.eu\/index.php\/wp-json\/wp\/v2\/pages\/268","targetHints":{"allow":["GET"]}}],"collection":[{"href":"https:\/\/rohnova.eu\/index.php\/wp-json\/wp\/v2\/pages"}],"about":[{"href":"https:\/\/rohnova.eu\/index.php\/wp-json\/wp\/v2\/types\/page"}],"author":[{"embeddable":true,"href":"https:\/\/rohnova.eu\/index.php\/wp-json\/wp\/v2\/users\/1"}],"replies":[{"embeddable":true,"href":"https:\/\/rohnova.eu\/index.php\/wp-json\/wp\/v2\/comments?post=268"}],"version-history":[{"count":41,"href":"https:\/\/rohnova.eu\/index.php\/wp-json\/wp\/v2\/pages\/268\/revisions"}],"predecessor-version":[{"id":580,"href":"https:\/\/rohnova.eu\/index.php\/wp-json\/wp\/v2\/pages\/268\/revisions\/580"}],"wp:attachment":[{"href":"https:\/\/rohnova.eu\/index.php\/wp-json\/wp\/v2\/media?parent=268"}],"curies":[{"name":"wp","href":"https:\/\/api.w.org\/{rel}","templated":true}]}}